{"id":21,"date":"2017-09-21T15:49:27","date_gmt":"2017-09-21T13:49:27","guid":{"rendered":"http:\/\/docinfo.fr\/wordpress\/?page_id=21"},"modified":"2017-09-21T15:49:27","modified_gmt":"2017-09-21T13:49:27","slug":"epub","status":"publish","type":"page","link":"http:\/\/docinfo.fr\/wordpress\/epub\/","title":{"rendered":"EPUB"},"content":{"rendered":"<nav id=\"menuu1094\" class=\"MenuBar clearfix colelem\">\n<div id=\"u1095\" class=\"MenuItemContainer borderbox clearfix grpelem\">\n<div id=\"u1099-4\" class=\"MenuItemLabel NoWrap borderbox clearfix grpelem\">\n<p>Docinfo<\/p>\n<\/div>\n<\/div>\n<div id=\"u1312\" class=\"MenuItemContainer borderbox clearfix grpelem\">\n<div id=\"u1318-4\" class=\"MenuItemLabel NoWrap borderbox clearfix grpelem\">\n<p>R\u00e9f\u00e9rences<\/p>\n<\/div>\n<div id=\"u1316\" class=\"borderbox grpelem\"><\/div>\n<\/div>\n<div id=\"u1460\" class=\"MenuItemContainer borderbox clearfix grpelem\">\n<div id=\"u1466-4\" class=\"MenuItemLabel NoWrap borderbox clearfix grpelem\">\n<p>EPUB<\/p>\n<\/div>\n<div id=\"u1465\" class=\"borderbox grpelem\"><\/div>\n<\/div>\n<div id=\"u1252\" class=\"MenuItemContainer borderbox clearfix grpelem\">\n<div id=\"u1258-4\" class=\"MenuItemLabel NoWrap borderbox clearfix grpelem\">\n<p>Histoire de l&rsquo;ebook<\/p>\n<\/div>\n<\/div>\n<div id=\"u1355\" class=\"MenuItemContainer borderbox clearfix grpelem\">\n<div id=\"u1358-4\" class=\"MenuItemLabel NoWrap borderbox clearfix grpelem\">\n<p>Workslate<\/p>\n<\/div>\n<\/div>\n<\/nav>\n<div id=\"u1442\" class=\"clearfix colelem\">\n<div id=\"u1481-20\" class=\"clearfix grpelem\" data-muse-uid=\"U1481\" data-muse-type=\"txt_frame\">\n<p><span id=\"u1481\">DOCINFO<\/span>\u00a0aide les \u00e9diteurs \u00e0 adapter leurs EPUB aux normes EPUB V3.<\/p>\n<p>&nbsp;<\/p>\n<p>Exemple: JdeJ (EPUB FL anim\u00e9)\u00a0<a class=\"nonblock\" href=\"https:\/\/itunes.apple.com\/fr\/book\/journal-de-jihad\/id1089578661?mt=11\">https:\/\/itunes.apple.com\/fr\/book\/journal-de-jihad\/id1089578661?mt=11<\/a><\/p>\n<p id=\"u1481-13\">DOCINFO<span id=\"u1481-12\">\u00a0a form\u00e9 un grand nombre de prestataires \u00e0 la production d&rsquo;EPUB passant dans les contr\u00f4les de conformit\u00e9.<\/span><\/p>\n<p id=\"u1481-18\"><span id=\"u1481-16\">DOCINFO<\/span>\u00a0a produit des logiciels permettant, \u00e0 partir d&rsquo;une base de donn\u00e9es et d&rsquo;images, une production automatis\u00e9e de livres num\u00e9riques (EPUB 2 et 3, reflow et fixed layouts, PDF, iBooks Author)<\/p>\n<\/div>\n<\/div>\n<div class=\"verticalspacer\" data-offset-top=\"432\" data-content-above-spacer=\"719\" data-content-below-spacer=\"219\"><\/div>\n","protected":false},"excerpt":{"rendered":"<p>Docinfo R\u00e9f\u00e9rences EPUB Histoire de l&rsquo;ebook Workslate DOCINFO\u00a0aide les \u00e9diteurs \u00e0 adapter leurs EPUB aux normes EPUB V3. &nbsp; Exemple: JdeJ (EPUB FL anim\u00e9)\u00a0https:\/\/itunes.apple.com\/fr\/book\/journal-de-jihad\/id1089578661?mt=11 DOCINFO\u00a0a form\u00e9 un grand nombre de prestataires \u00e0 la production d&rsquo;EPUB passant dans les contr\u00f4les de conformit\u00e9. DOCINFO\u00a0a produit des logiciels permettant, \u00e0 partir d&rsquo;une base\u2026<\/p>\n<p> <a class=\"continue-reading-link\" href=\"http:\/\/docinfo.fr\/wordpress\/epub\/\"><span>Continue reading<\/span><i class=\"crycon-right-dir\"><\/i><\/a> <\/p>\n","protected":false},"author":1,"featured_media":0,"parent":0,"menu_order":0,"comment_status":"closed","ping_status":"closed","template":"","meta":{"spay_email":"","footnotes":""},"_links":{"self":[{"href":"http:\/\/docinfo.fr\/wordpress\/wp-json\/wp\/v2\/pages\/21"}],"collection":[{"href":"http:\/\/docinfo.fr\/wordpress\/wp-json\/wp\/v2\/pages"}],"about":[{"href":"http:\/\/docinfo.fr\/wordpress\/wp-json\/wp\/v2\/types\/page"}],"author":[{"embeddable":true,"href":"http:\/\/docinfo.fr\/wordpress\/wp-json\/wp\/v2\/users\/1"}],"replies":[{"embeddable":true,"href":"http:\/\/docinfo.fr\/wordpress\/wp-json\/wp\/v2\/comments?post=21"}],"version-history":[{"count":1,"href":"http:\/\/docinfo.fr\/wordpress\/wp-json\/wp\/v2\/pages\/21\/revisions"}],"predecessor-version":[{"id":22,"href":"http:\/\/docinfo.fr\/wordpress\/wp-json\/wp\/v2\/pages\/21\/revisions\/22"}],"wp:attachment":[{"href":"http:\/\/docinfo.fr\/wordpress\/wp-json\/wp\/v2\/media?parent=21"}],"curies":[{"name":"wp","href":"https:\/\/api.w.org\/{rel}","templated":true}]}}